at is the hundreds digit of 299760?
7
What is the thousands digit of 58603?
8
What is the ten thousands digit of 1495133?
9
What is the hundred thousands digit of 383939?
3
What is the ten thousands digit of 34885?
3
What is the millions digit of 8579481?
8
What is the thousands digit of 258400?
8
What is the thousands digit of 1382209?
2
What is the tens digit of 820607?
0
What is the millions digit of 22696745?
2
What is the hundreds digit of 2930537?
5
What is the ten thousands digit of 196849?
9
What is the hundred thousands digit of 11888602?
8
What is the thousands digit of 255507?
5
What is the tens digit of 280315?
1
What is the units digit of 18427?
7
What is the units digit of 1291219?
9
What is the hundred thousands digit of 682410?
6
What is the ten thousands digit of 18634566?
3
What is the thousands digit of 1910566?
0
What is the thousands digit of 7927892?
7
What is the tens digit of 198027?
2
What is the tens digit of 3857052?
5
What is the thousands digit of 254510?
4
What is the hundreds digit of 511101?
1
What is the thousands digit of 179110?
9
What is the ten thousands digit of 767344?
6
What is the millions digit of 4045156?
4
What is the hundreds digit of 462431?
4
What is the millions digit of 18814733?
8
What is the millions digit of 3963612?
3
What is the tens digit of 376251?
5
What is the hundred thousands digit of 1719047?
7
What is the units digit of 653117?
7
What is the hundreds digit of 120962?
9
What is the hundreds digit of 1003917?
9
What is the ten millions digit of 15323175?
1
What is the hundred thousands digit of 7347298?
3
What is the thousands digit of 2076064?
6
What is the thousands digit of 14935065?
5
What is the tens digit of 37565829?
2
What is the hundred thousands digit of 2557701?
5
What is the thousands digit of 643654?
3
What is the thousands digit of 12986097?
6
What is the units digit of 1671133?
3
What is the hundreds digit of 738945?
9
What is the ten millions digit of 14396780?
1
What is the units digit of 26736227?
7
What is the hundreds digit of 410597?
5
What is the ten thousands digit of 6298401?
9
What is the units digit of 66402?
2
What is the thousands digit of 472229?
2
What is the hundreds digit of 222741?
7
What is the hundreds digit of 103256?
2
What is the hundred thousands digit of 3268439?
2
What is the ten thousands digit of 3275026?
7
What is the ten thousands digit of 66698?
6
What is the hundred thousands digit of 314144?
3
What is the ten thousands digit of 756271?
5
What is the hundred thousands digit of 1509625?
5
What is the hundreds digit of 2053683?
6
What is the hundred thousands digit of 4434327?
4
What is the tens digit of 1577619?
1
What is the hundreds digit of 10393263?
2
What is the hundreds digit of 410000?
0
What is the units digit of 7158?
8
What is the hundred thousands digit of 10601339?
6
What is the hundreds digit of 235618?
6
What is the tens digit of 567910?
1
What is the units digit of 1000779?
9
What is the units digit of 2493491?
1
What is the tens digit of 558793?
9
What is the tens digit of 2366?
6
What is the millions digit of 2743721?
2
What is the hundred thousands digit of 1167086?
1
What is the hundreds digit of 1054316?
3
What is the hundreds digit of 88128?
1
What is the hundred thousands digit of 14539400?
5
What is the tens digit of 23593299?
9
What is the hundreds digit of 8136190?
1
What is the hundred thousands digit of 143815?
1
What is the hundreds digit of 85910?
9
What is the tens digit of 275346?
4
What is the tens digit of 123247?
4
What is the tens digit of 5113964?
6
What is the ten thousands digit of 203087?
0
What is the hundred thousands digit of 9960807?
9
What is the units digit of 1238434?
4
What is the hundred thousands digit of 403450?
4
What is the ten thousands digit of 3254974?
5
What is the millions digit of 1933879?
1
What is the ten thousands digit of 43827?
4
What is the hundreds digit of 1302847?
8
What is the hundred thousands digit of 909387?
9
What is the ten thousands digit of 2307501?
0
What is the ten thousands digit of 3861117?
6
What is the ten thousands digit of 6486682?
8
What is the hundreds digit of 2493210?
2
What is the tens digit of 505988?
8
What is the hundreds digit of 2377965?
9
What is the hundreds digit of 6092822?
8
What is the hundreds digit of 217427?
4
What is the hundreds digit of 735568?
5
What is the ten thousands digit of 6751329?
5
What is the tens digit of 1832453?
5
What is the millions digit of 2552848?
2
What is the hundred thousands digit of 447385?
4
What is the tens digit of 195141?
4
What is the tens digit of 361346?
4
What is the hundred thousands digit of 2522217?
5
What is the units digit of 284396?
6
What is the thousands digit of 312686?
2
What is the ten thousands digit of 233638?
3
What is the tens digit of 919585?
8
What is the ten thousands digit of 25759795?
5
What is the tens digit of 1891594?
9
What is the units digit of 557759?
9
What is the tens digit of 412306?
0
What is the millions digit of 7810243?
7
What is the units digit of 155970?
0
What is the millions digit of 20577282?
0
What is the millions digit of 19843207?
9
What is the hundred thousands digit of 840009?
8
What is the tens digit of 126341?
4
What is the hundreds digit of 10749417?
4
What is the ten thousands digit of 126698?
2
What is the hundred thousands digit of 9767369?
7
What is the hundreds digit of 365523?
5
What is the hundred thousands digit of 887910?
8
What is the tens digit of 87653?
5
What is the hundred thousands digit of 1289966?
2
What is the hundreds digit of 452178?
1
What is the hundreds digit of 416252?
2
What is the tens digit of 2775453?
5
What is the millions digit of 2531084?
2
What is the ten thousands digit of 4113982?
1
What is the units digit of 3920444?
4
What is the units digit of 913245?
5
What is the hundred thousands digit of 1020848?
0
What is the thousands digit of 543342?
3
What is the thousands digit of 22244?
2
What is the units digit of 11520?
0
What is the thousands digit of 11485373?
5
What is the thousands digit of 4711160?
1
What is the tens digit of 122818?
1
What is the thousands digit of 81341?
1
What is the thousands digit of 3321648?
1
What is the hundreds digit of 385138?
1
What is the ten millions digit of 10193210?
1
What is the ten thousands digit of 1654661?
5
What is the ten thousands digit of 407160?
0
What is the tens digit of 1024236?
3
What is the thousands digit of 3623200?
3
What is the units digit of 166874?
4
What is the units digit of 138415?
5
What is the hundreds digit of 118004?
0
What is the hundred thousands digit of 173144?
1
What is the thousands digit of 26112428?
2
What is the units digit of 343687?
7
What is the units digit of 13609447?
7
What is the units digit of 494621?
1
What is the tens digit of 873258?
5
What is the hundred thousands digit of 361650?
3
What is the thousands digit of 77144?
7
What is the units digit of 3903601?
1
What is the tens digit of 266344?
4
What is the thousands digit of 72224?
2
What is the hundred thousands digit of 1152508?
1
What is the thousands digit of 28788418?
8
What is the hundred thousands digit of 711221?
7
What is the hundreds digit of 2885813?
8
What is the units digit of 197324?
4
What is the tens digit of 256493?
9
What is the millions digit of 3249991?
3
What is the thousands digit of 108365?
8
What is the thousands digit of 25270?
5
What is the ten millions digit of 18888408?
1
What is the millions digit of 14860646?
4
What is the ten thousands digit of 5621073?
2
What is the thousands digit of 1469316?
9
What is the hundred thousands digit of 2952905?
9
What is the ten thousands digit of 1936316?
3
What is the thousands digit of 7421042?
1
What is the thousands digit of 145875?
5
What is the tens digit of 99807?
0
What is the tens digit of 233414?
1
What is the thousands digit of 176287?
6
What is the ten thousands digit of 263983?
6
What is the hundred thousands digit of 6505020?
5
What is the ten thousands digit of 5360599?
6
What is the hundred thousands digit of 4953731?
9
What is the ten thousands digit of 22031?
2
What is the units digit of 544256?
6
What is the thousands digit of 306938?
6
What is the units digit of 145387?
7
What is the ten thousands digit o